11. Let q(i) = -i**2 + i + 1. Suppose -3*l = -l - 2. Let z(c) = l*a(c) - 6*q(c). What is the units digit of z(3)?
4
Let n(q) = 10*q + 15. Suppose -2*f - 4*b = -3*f - 10, -f + b - 4 = 0. Let r be n(f). Let x(s) = -33*s + 26. What is the units digit of x(r)?
1
Let s be -16 - 2/((-12)/18). Let a(m) = -42*m - 350. What is the units digit of a(s)?
6
Suppose 5 = -4*x - 3. What is the hundreds digit of 3 + 147 - (3 + 3 + x)?
1
Let j(f) = 8*f**2 - 29*f - 269. What is the units digit of j(27)?
0
Let a be (-2172)/(-18) - 2/3. Let r = a - 77. What is the units digit of r?
3
Suppose 17*o - 18*o + 6 = 0. Let p be 2/o + (-5)/(-3). Suppose 398 = p*f - 58. What is the units digit of f?
8
Let w(l) = -56*l + 35*l + 6 + l**2 + 29*l. Let c be w(8). Suppose 431 = 4*k + p, -k = -0*k - 5*p - c. What is the units digit of k?
9
Let y(m) = 228*m - 441. What is the thousands digit of y(21)?
4
Let l(d) be the third derivative of -d**5/60 + 13*d**4/12 - 59*d**3/6 + 4*d**2 - 18. What is the tens digit of l(11)?
0
Let u(q) be the second derivative of 6*q**2 - 13/2*q**3 - 23*q + 0. What is the units digit of u(-6)?
6
Suppose -32 = -3*p - 23. Let q(u) = -25*u**2 + 2*u**p + 18*u - 8*u - 4 + 14*u**2. What is the tens digit of q(6)?
9
Let j(p) = -11 - 746*p + 737*p + 2. Suppose w + 0 = -3*l - 2, 0 = -3*l + 3. What is the tens digit of j(w)?
3
Let s be 46 + (-6 - -4 - -3). Let l = -44 + s. Suppose 0 = -5*n + l*n + 100. What is the units digit of n?
0
Let h be (33/22)/(6/8). Suppose 4*p - 39 = 3*j, 4*p - h*p - 17 = j. What is the tens digit of 10000/45 + p/(-27)?
2
Suppose 3*i - 153 - 6254 = m, 4*i - 8542 = m. Suppose 2*z - i = -3*s + 6*z, 2*z + 715 = s. What is the hundreds digit of s?
7
Suppose -3*k = 3*b - 232722, 7*b - 11*b + 5*k = -310350. What is the tens digit of b?
8
Let b(k) = -15*k - 36. Let g be b(-21). Let m = 653 - g. What is the units digit of m?
4
Suppose 1033650 + 1368594 = 108*f. What is the ten thousands digit of f?
2
Suppose -87*x + 5305734 = 59*x - 20*x. What is the ten thousands digit of x?
4
Suppose -3*b + 2*h = -19, 3*b = -3*h - 5 + 14. Suppose -2*s - 9 = -b*s. Suppose j = -4 + 7, -51 = -3*f - s*j. What is the tens digit of f?
1
Suppose 5*w + 4*l = 688 - 99, -w - l + 118 = 0. Let h = w - 98. Let m(y) = 8*y + 33. What is the tens digit of m(h)?
8
Let a(d) = -d**3 - 8*d**2 - 12*d - 17. Let o be a(-7). Let w be 967*8/o - 50/(-225). Suppose 110 = 10*t - w. What is the tens digit of t?
5
Let u be (34741/455 - 6/39)*5. Suppose -191 = -m - 2*q, u = 4*m - 4*q - 431. What is the units digit of m?
9
Let g(i) be the third derivative of -11*i**4/24 + 4*i**3 + 5*i**2. Suppose -q + 4*j + 3 = 7, 9 = -3*j. What is the tens digit of g(q)?
0
Let l be 3 - (-2 + -1)/(-1). Suppose 16*r - 13*r - 549 = l. Suppose r = 2*o + o. What is the tens digit of o?
6
Suppose 0 = 5*b - p + 15581 - 61135, 2*p = -4*b + 36446. What is the tens digit of b?
1
Let w(o) = 22 - 5*o - 5*o + 15*o + 1. Let x(g) = -5*g. Let y be x(-2). What is the tens digit of w(y)?
7
Let u(v) = 2*v + 342 + 4*v + v + 0*v. What is the units digit of u(0)?
2
Suppose -8 = -2*t + 3*t. Let x(p) = -2*p - 14. Let z be x(t). Suppose 0 = 2*k - a - 3*a - 190, -170 = -z*k - a. What is the tens digit of k?
8
Suppose -120 = 7*h - 134. Suppose -h*b + 306 = -5*i - 70, b = -5*i + 203. What is the units digit of b?
3
What is the hundreds digit of (-1250)/(5*(-32)/2000)?
6
Let x = 15692 + -3067. Suppose 14*b + 11*b - x = 0. What is the tens digit of b?
0
Let a(v) = 184*v**3 - 108*v**2 - 7*v - 3. What is the units digit of a(4)?
7
Let d = 284 + -284. Suppose -2457 = -d*h - 7*h. What is the units digit of h?
1
Let b be 0/(-1)*(-1)/(-1). Suppose 2*a + 6 - 10 = b. Suppose 2*q + a*x - 20 = 6, q - 16 = 2*x. What is the units digit of q?
4
Let s = 77856 + -25236. What is the thousands digit of s?
2
Suppose -39*n = -126 - 30. Suppose 677 = n*y - 787. What is the hundreds digit of y?
3
Suppose -3*g + 1050 = 2*g. Suppose 0 = 2*t + 2*t. Suppose t = -0*d + 3*d - g. What is the units digit of d?
0
Suppose 8*x + 6019 = -6861. Let a = -778 - x. What is the tens digit of a?
3
Suppose 5*w = 2*w + 2*d + 23777, 5 = d. What is the hundreds digit of w?
9
Suppose -1221451 = -16*f - 15*f + 2*f. What is the tens digit of f?
1
Suppose -3323 = -3*r + 5*m, r - 1127 + 6 = -5*m. Suppose 0 = 5*w - 3*c - r, -3*w - 21*c + 669 = -22*c. What is the tens digit of w?
2
Let q = -781 + 1100. Suppose -c = -3*k - 3*c + 252, 4*k - 3*c = q. Suppose 79*i - k*i = -249. What is the units digit of i?
3
Suppose 0 = 2*y - 11 - 485. Let z = 45 + y. What is the tens digit of z?
9
What is the thousands digit of (2 + (-9)/(-6))*116592/147?
2
Let d = -52 - -42. Let r be 4/d*-6*45. Suppose -6*k + 5*k + r = 0. What is the hundreds digit of k?
1
Let q be 1/(20/(-8))*5/(-1). Suppose -q*p + 4 = -2*z, 0 = -2*z + p - 0*p - 7. Let y = z + 65. What is the units digit of y?
0
Let x(s) = 3*s - 3. Let f = 95 + -88. Let y be x(f). What is the tens digit of 12/y - 336/(-9)?
3
Suppose 0 = 139*m - 131*m - 400. Suppose 0 = -m*l + 52*l - 480. What is the tens digit of l?
4
Let k(c) = 17*c + 7. Suppose 12 = -4*w, 16 = y - 3*w + 2*w. What is the hundreds digit of k(y)?
2
Let s(v) = v**2 - 4*v + 35. Suppose -9*f + 6*f = 5*j + 38, f = -2*j - 14. What is the units digit of s(f)?
5
Let g = -6763 - -11822. Suppose 2204 = 9*l - g. What is the units digit of l?
7
Let b(u) = 11*u - 363. Let x be (-6)/(-30) + (-6)/((-120)/796). What is the tens digit of b(x)?
7
Suppose 72*h - 244*h - 895759 = -6500551. What is the ten thousands digit of h?
3
Suppose 2*t + 15 = 5*c, -3*c + 9 = 4*t - 0*t. Suppose 2*s - 2*n = 658, -s = c*s - 5*n - 1312. What is the hundreds digit of s?
3
Suppose 0 = 2*k - 5*f - 29453, -58882 = -38*k + 34*k + 2*f. What is the hundreds digit of k?
7
Suppose -2*a - 10 = 0, 0*u - 3*a - 163 = -4*u. Let b(p) = -p**3 + 37*p**2 + 39*p - 151. What is the units digit of b(u)?
2
Let m = 13 - 28. Let y = m - -17. Suppose -2*c + 244 = -4*z, -c = y*c + 4*z - 366. What is the hundreds digit of c?
1
Suppose i = -3*q + 849, -i - 17 = q - 302. Let v = q - 81. What is the tens digit of v?
0
Suppose 14*t + 221 = 27*t. Suppose -19*q + 3*d + 609 = -t*q, -d + 605 = 2*q. What is the units digit of q?
3
Let q(f) = -f - 24. Let l be q(-14). Let z be (-1547)/(-65) - 2/l. Suppose 0 = -5*y - 3*b + 6*b + z, 5*y - b - 18 = 0. What is the units digit of y?
3
Let l = -47023 - -80431. What is the ten thousands digit of l?
3
What is the thousands digit of 2/33 + (4913134/627 - -14)?
7
Suppose 6*b - 1588 = 10*b. Let f = b + 567. Suppose 3*y + 525 = 3*p - 0*y, -4*y + f = p. What is the units digit of p?
4
Let h = 251 - 246. Suppose 2*f = -h*n + 525, -n - 546 = -2*f + n. What is the hundreds digit of f?
2
Suppose -3*a = -3*r - 2*a + 5, 5*r + 3*a = 13. Let o = 4 - r. What is the units digit of 58/(3 - o) - -3?
1
Let j = -114 + 119. Suppose 0 = 4*g + 5*m - 5017 + 201, 5*m = j*g - 5975. What is the hundreds digit of g?
1
Let l(a) = 5*a**2 - 7*a + 8. Let r = -77 - -79. Let n be l(r). Let v(f) = 20*f - 32. What is the units digit of v(n)?
8
Suppose -2*i - 5 = -5*f, -5*f + 25 = -0*i + 2*i. Suppose 2*x - 7 = 1, -674 = -f*a - 2*x. What is the hundreds digit of a?
2
What is the tens digit of 5 - (46329/(-9) + (-21)/(252/(-8)))?
5
Let y be (1357/236)/(2/8). What is the units digit of y*19 + 1*(1 + 0)?
8
Suppose -c + 24393 = -3*j, 73227 = 3*c + 682*j - 679*j. What is the tens digit of c?
0
Suppose -14 = -3*t - 4*t. Let h be (-132)/(-9) + t/(-3). Suppose -i = -h*i + 1430. What is the units digit of i?
0
Let x = -3683 - -5578. What is the thousands digit of x?
1
Suppose -22686 = -s + 5*q - 3797, -2*s + 37753 = -5*q. What is the units digit of s?
4
Let f = -872 - -874. Suppose -o = f*j + 672 - 3474, 0 = -o - 4. What is the thousands digit of j?
1
Let l = 5528 - -4647. What is the hundreds digit of l?
1
Let c(v) = 3*v**3 + 4*v**2 + v - 2. Let r be c(-5). Suppose 0 = 25*f - 12922 + 2097. Let w = f + r. What is the tens digit of w?
5
Let f(v) = 64*v**2 + 4*v - 1. What is the tens digit of f(2)?
6
Suppose 15*j + 5481872 + 974307 = 124*j. What is the units digit of j?
1
Let x(i) be the third derivative of 0*i - 1/12*i**4 + 25*i**2 + 0 + 77/6*i**3. What is the units digit of x(0)?
7
Let x = 11 - -13. Suppose 4*k - k = x. What is the tens digit of (-20)/k*(